or of 163 and q?
163
Let w = -550 - -600. What is the greatest common divisor of 20 and w?
10
Let c = -194 - -425. Let m(l) = -4*l + 42. Let i be m(-7). Let o = i - 49. What is the greatest common divisor of o and c?
21
Let f(k) = -8*k**2 - 4*k. Let p be f(-3). Let r be (p/(-3) - 0)/2. Let w be (-376)/(-40) - (-4)/(-60)*-9. What is the highest common factor of w and r?
10
Let s be (8/(-12) - (-15668)/30)/((-14)/(-70)). What is the highest common factor of s and 48?
16
Let g(j) = 3 - 6 - 1 + 4*j. Let w be g(6). Suppose -t - 3*c = 4*t - 994, -606 = -3*t + 3*c. What is the greatest common factor of t and w?
20
Let k be (-6)/4*50*4/(-12). Let v be (-33)/(-3) - (4 - k/5). Suppose 8*i + 40 = v*i. Calculate the highest common divisor of i and 40.
10
Suppose 0 = 3*a + d - 136854, 228070 = 63*a - 58*a - 5*d. Calculate the greatest common divisor of a and 13.
13
Suppose 13*z + 4*m + 6783 = 26812, -5*z = -3*m - 7708. Calculate the greatest common divisor of 299 and z.
23
Let y(f) = -f**3 - 11*f**2 - 6*f - 45. Let t be y(-11). Let j be (1/2)/(11 - 378365/34398). What is the greatest common factor of j and t?
21
Suppose 0 = 3*x - 11*x + 624. Let f be x/5 + (-2)/(-5). Suppose 0 = 4*l + 18 - 274. What is the greatest common divisor of l and f?
16
Let p = 5977 + -5695. What is the greatest common divisor of p and 108?
6
Let f be 10/((2/(-19))/(-1)). Suppose -3*y - 23*u + 56 = -24*u, -5*u = 8*y - 157. What is the highest common factor of f and y?
19
Let v(p) = -16*p - 13*p - 5 - 2 - 15*p. Let t be v(-4). Calculate the greatest common divisor of t and 26.
13
Let s be 8/(-10)*(-1 - -6). Let j be s/(-14) + 204/119. Calculate the highest common factor of 1 and j.
1
Suppose -4*u = 3*v - 14 + 13, -v = -4*u - 27. Let s(w) = -2*w**3 + 13*w**2 + 12*w - 29. Let m be s(v). What is the greatest common factor of 18 and m?
6
Suppose 4*i - 126 - 2 = 0. Suppose -5*n + 5*s + 845 = 0, -2*n = -7*s + 3*s - 348. Suppose -c = 36 - n. What is the greatest common factor of c and i?
32
Let n = 9000 + -2836. What is the highest common factor of 23 and n?
23
Suppose o + 19 = 2*t - 0*o, 5*t + 3*o = 64. Suppose 78 = -8*n + t*n. Let i be 1/(50/625 + 46/50) + 90. What is the highest common factor of i and n?
13
Let o = 131 - 160. Let p(t) = -t**3 - 32*t**2 - 110*t + 19. Let n be p(o). Calculate the greatest common factor of n and 7.
7
Let l be (186/155)/((-7)/(-735)*6). What is the greatest common factor of 24486 and l?
21
Suppose -5*a - 13*m = -9*m - 2244, -402 = -a + 7*m. Calculate the highest common divisor of a and 2516.
148
Let m = -2772 - -2783. Calculate the greatest common factor of m and 4565.
11
Suppose 0 = -2*z + r + 236, 7 = 3*r + 1. Suppose 3*w - 72 = -3*p, 168*w - 169*w = -4*p + 46. What is the greatest common divisor of p and z?
7
Let m be (-6)/(-10) + 27/5. Let q be -4*(-3)/m*30/12. Suppose 554 = q*k - 31. What is the greatest common divisor of k and 13?
13
Suppose -436*d - 51 = -437*d. What is the highest common factor of d and 33?
3
Let n(w) = 6*w**2 - 133*w - 159. Let j be n(40). What is the greatest common divisor of 13 and j?
13
Suppose -7*q + 221 = 4*o - 15, 2*q - 92 = 5*o. Let l be (-1 + -153 + 4)*-3. What is the highest common factor of q and l?
18
Let t be (-2)/8 + (-12863)/(-76). Suppose 3*r - 7*r + t = d, -3*d = -r + 39. What is the greatest common divisor of r and 3?
3
Let f be (20 + 16276/(-104))*(1 + 31/(-3)). What is the greatest common factor of 686 and f?
98
Suppose -674877 - 317666 = -191*i - 35251. What is the greatest common divisor of i and 28?
28
Suppose -8*m + 3*m = 10. Let d(v) = 27*v - 16. Let o be d(m). Let c = o + 78. Calculate the greatest common divisor of c and 8.
8
Let g = 5 - 3. Let y be -3 + 5 + (-2 - -1 - -23). Suppose 4*d = -4*z, 4*z + y = 12*d - 8*d. Calculate the greatest common factor of g and d.
1
Let p be ((-462)/(-70))/(4/300). What is the highest common factor of p and 1089?
99
Let r = -10170 + 10174. Suppose 2*z = -2*z + 112. What is the greatest common divisor of r and z?
4
Let o = 24113 + -23821. Calculate the greatest common divisor of o and 23652.
292
Let w be -110*(-5)/(80/232). Calculate the greatest common divisor of 495 and w.
55
Suppose -452 = 14*g - 12*g. Let m = 44 - g. What is the greatest common factor of m and 30?
30
Let n be 176/(11 - 0) - (15 - 4). Suppose -3*l = -2*l - 20. What is the greatest common divisor of n and l?
5
Let o(w) = -3*w**2 - 2*w + 12. Let i(g) = -g**2 - g. Let m(c) = i(c) - o(c). Let p be m(-6). Calculate the highest common divisor of 72 and p.
18
Let v = -10284 + 13820. What is the highest common factor of v and 17?
17
Suppose -10*m + 385 = -445. Let n = m - 77. Calculate the highest common divisor of n and 54.
6
Suppose 67*w - 1914 - 4281 = 36. Calculate the greatest common factor of 5549 and w.
31
Suppose -7*z + 3*z + 82 = 5*d, 24 = d - 3*z. Suppose -1000*c + 1003*c = d. What is the greatest common divisor of c and 87?
3
Suppose -44*w + 39202 = -9638. What is the highest common factor of w and 60?
30
Suppose -5*t + 5*z = -25, -2*t = 2*z - 10 - 0. Let g be (14/(-3) + t)*(1 + 62). Calculate the highest common divisor of 7 and g.
7
Let g(k) = 69*k. Let h be g(-2). Let y = h + 215. Let m = -3586 - -3597. What is the highest common divisor of y and m?
11
Let i be -31*(-235)/94*(30 + 0). What is the greatest common divisor of i and 225?
75
Let n = 29924 + -29257. Calculate the highest common factor of n and 1403.
23
Let l(o) = -o**3 - 5*o**2 - 3*o + 16. Let r be l(-5). Suppose 231*y - 229*y = 2*k - 556, -2 = -2*y. What is the highest common divisor of r and k?
31
Suppose -3*k + u - 4*u - 6 = 0, 4*k + 5*u + 13 = 0. Let t be k/4 - (-247)/(-4). Let m = t - -84. Calculate the greatest common divisor of m and 161.
23
Let j = 341 + -149. What is the greatest common divisor of 312 and j?
24
Let n(m) = -m**3 + 3*m**2 + 4*m + 36. Let a be n(10). Let c = -512 - a. What is the greatest common factor of 14 and c?
14
Let c = -15 + 27. Suppose 3*z = u + 2*u - 9, 5*z - c = -4*u. Suppose -u*j = -r + 6*r - 55, 4*r + j = 37. Calculate the greatest common divisor of 88 and r.
8
Let b(d) = 488*d**2 + 4*d - 2. Let c be b(1). Let q = -466 + c. Calculate the greatest common divisor of q and 78.
6
Suppose 4*i - 157 + 50 = s, 2*s - 10 = 0. Calculate the greatest common divisor of i and 17.
1
Let k(d) = -d**3 - 24*d**2 + 42*d - 321. Let n be k(-27). Calculate the greatest common divisor of 192 and n.
12
Let l be 1/(-6 - 77/(-14)). Let o be ((-1)/l)/((-4)/(-32)). Let h = -37 - -57. What is the greatest common divisor of h and o?
4
Let w be 1820/(-91)*(-3 + 1 + 0). Suppose -6*x = -w - 2. Let a = 9 - x. What is the greatest common factor of 10 and a?
2
Let b = -52 - -54. Let y = b + 25. Let t(r) = r**3 + 31*r**2 + 33*r + 117. Let n be t(-30). Calculate the highest common factor of n and y.
27
Let z = 121 - 212. Let g be (-5)/1*455/z. Calculate the greatest common factor of 100 and g.
25
Let j be (468/91)/((-4)/(-364)). Suppose 0 = o + 4*u - j, o - 240 = 5*u + 237. Calculate the highest common factor of 8 and o.
8
Let n(x) = -x - 4. Let q be n(1). Let m be ((-32)/q)/((-46)/(-805)). Calculate the greatest common divisor of m and 168.
56
Let m be 6/(-1)*4/(-6). Suppose -m*j = -7*j + 111. Calculate the highest common factor of j and 37.
37
Let i be ((-3)/(-6)*18)/((-2)/(-106)). Let r(h) = 3*h + 167. Let p be r(-38). What is the highest common factor of p and i?
53
Suppose -384710 = 6*g - 191*g + 30*g. Calculate the greatest common divisor of 51 and g.
17
Let a be (171/76)/((-6)/(-16)). Suppose 8*t = a*t - 24. Let j be ((-22)/t)/((-7)/(-42)). What is the greatest common factor of 22 and j?
11
Let m(z) = -z + 4. Let k = -40 - -48. Let o be m(k). Let s(x) = x**3 + 4*x**2 - 2*x - 5. Let i be s(o). What is the greatest common factor of i and 12?
3
Suppose 4*a - 5*g = 93, 12*g = 16*g + 20. Suppose -w = 5*f + 140, -3*f - w - 28 = -2*f. Let x = a - f. Calculate the highest common factor of x and 30.
15
Let s be 2650/18 + 44/(-198). Suppose -42*u + 5*v = -47*u + 65, -4*v - 4 = 0. Calculate the highest common divisor of u and s.
7
Suppose -35*b + 44 = -32*b + 5*x, -5*b - 5*x + 60 = 0. Calculate the highest common divisor of b and 108.
4
Let a(r) = 222*r**2 + r - 6. Let c = 9 - 11. Let y be a(c). What is the highest common divisor of y and